- (-12504)/(-3120))?
5
Let g = 15 + -19. Let m(s) = s**3 + 5*s**2 + 5*s + 4. Let j be m(g). Suppose j = -f + 2*v + 40, 2*f - 85 = 3*v + 2*v. What is the tens digit of f?
3
Suppose 14 = 3*b - 10. Suppose 11*c - b*c - 9 = 0. Suppose 598 = 4*x - 2*q, c*x - 202 = 5*q + 243. What is the units digit of x?
0
Let j(h) = -h + 9. Let n be j(10). What is the hundreds digit of n/(((-6)/(-10740)*-2)/1)?
8
Let i = 7114 - 138. Suppose 0 = 8*d - i - 3368. What is the units digit of d?
3
Let b = -90 - 1390. Let n be 3 + b/6 - 3/9. Let r = n + 354. What is the tens digit of r?
1
Let i = 44051 + -20245. What is the units digit of i?
6
Let x = 488 - 482. Suppose -5*t = -x*n + n - 1160, -5*t + 2*n + 1154 = 0. What is the hundreds digit of t?
2
Suppose 7*g - 12*g + 25 = 0. Suppose q = 5*u + 27, 5*q + g*u - u - 251 = 0. What is the tens digit of q?
4
Let t = 16629 - 474. What is the tens digit of t?
5
What is the tens digit of (-1 - (-76694)/6) + ((-17)/51 - -1)?
8
Let l be 2 + (18/(-36))/((-1)/6). Suppose 5*q - l*y + 205 = 9*q, 51 = q + y. What is the tens digit of q?
5
Let n = -91 - -94. Suppose n*x - 7 = -5*k, -14 = x - 2*k + 2. What is the tens digit of (-4 - x) + -6 - -182?
7
Let a(o) = 97*o + 24. Let t be a(3). Suppose 0 = 310*q - t*q + 245. What is the units digit of q?
9
Let c(g) = -89417*g**3 - 11*g**2 + 3*g + 13. What is the ten thousands digit of c(-1)?
8
Let i(b) = b**2 + 8*b + 10. Let m be 0 - 0 - (-4)/(8/(-14)). Let y be i(m). Suppose -201 - 6 = -y*o. What is the units digit of o?
9
Suppose -5*m = -4*v + 977, -9*m = -11*m - 2. Suppose -v*b = -250*b + 1477. What is the units digit of b?
1
Suppose -31*r - 101*r + 114180 = 0. What is the tens digit of r?
6
Let d = 42569 + -17129. What is the tens digit of d?
4
What is the thousands digit of ((-620)/(-93)*10389/(-4))/(-1)?
7
Let g = 1939 - 1351. Suppose -3*z + 396 + g = 0. What is the units digit of z?
8
Suppose 0*t - 5*t - 422 + 1502 = 0. What is the tens digit of t?
1
Suppose -503*j - 2*l = -505*j + 2496, -5*j - l + 6198 = 0. What is the thousands digit of j?
1
Let w(r) = 0*r + 12*r**2 - 67 + 65 + r**3 - r. Let h be w(-13). Let y = -93 - h. What is the units digit of y?
5
Suppose -350 = i + f, -4*i - 35 = f + 1350. Let x = 1024 + i. What is the tens digit of x?
7
Let u(n) = -n**3 + 11*n**2 - 3*n - 16. Let l be u(-7). Suppose q - 112 - l = 0. What is the tens digit of q?
9
Let z = 485 + -489. Suppose -5*a + a = -396. What is the units digit of 5 - 114/24 - a/z?
5
Let w(l) = -66*l - 18. Let p be 1/((-3)/(2 - -1)). Let f(d) = 2*d - 1. Let j(c) = p*w(c) + 2*f(c). What is the hundreds digit of j(3)?
2
What is the units digit of (1 + -2)/((-51)/(-102))*-6068?
6
Suppose 3*h - 24 = -3*i, -2*i + 6*h + 22 = 2*h. Suppose -3 = 4*y + 17, -d + y + i = 0. What is the tens digit of 1/(d/6)*78?
1
Let n(f) = -2*f**3 + 3*f**2 - 6*f - 65. Let l be n(-11). Suppose 6*b - 4420 = l. What is the thousands digit of b?
1
Let h be (-11)/(-110)*-4 + 46/(-10). Let n(v) = 7*v**2 - 2*v + 2. Let w be n(4). What is the units digit of (w/(-5))/(2/h)?
3
Let r be 2/4 - ((-13)/(-2) - -2). Let x be (0 - 2)*(r + 6). Suppose a - 60 = 5*y, 0 = x*a - 3*y - 25 - 283. What is the units digit of a?
0
Let p be (20 - 4) + 5 + 7. Let m(g) = -g**3 + 27*g**2 + 40*g + 30. What is the tens digit of m(p)?
6
Let o be (0/1)/(19 - 17). Suppose -3*r - 9 = 0, -2*q - 4*r + 726 = -o*r. What is the units digit of q/7 + (-8)/(-28)?
3
Let a be (-55)/(-20) - 0 - (-2)/8. What is the tens digit of (52/a)/((8/(-1))/(-168))?
6
Let j be (-13 + -617)/((5/2)/(-5)). Suppose 0 = -p - c + 628, -2*p + 3*c + j = 4*c. What is the hundreds digit of p?
6
What is the tens digit of 1117330/41 - 86/(-1763)?
5
Let n(u) = 3*u**2 - 5*u - 8. Let p = 80 + -46. Let k = -28 + p. What is the units digit of n(k)?
0
Let o(g) = 1621*g**3 - g**2 + 9*g - 13. Let r be o(2). Suppose 279*i - r = 270*i. What is the hundreds digit of i?
4
Suppose -4*k = -5*s + 5441 - 1471, 0 = 3*s - 4*k - 2390. Suppose 17*p - 60 = s. What is the tens digit of p?
5
Let f(s) = 3778*s - 7047. What is the tens digit of f(11)?
1
Let r be 7 + (-10 - (9 + -16)). Suppose -5*a = -5, -r*b + 6*a = 5*a - 1691. What is the hundreds digit of b?
4
Suppose -6 + 1 = d, 2*d + 377 = y. Let j = 1207 - y. What is the hundreds digit of j?
8
Let z(c) = -33*c**2 - c - 10. Let f(y) = -17*y**2 - 5. Let j(o) = -5*f(o) + 2*z(o). What is the units digit of j(2)?
7
Let d(y) = 53 - 1313*y + 116 + 1242*y. What is the tens digit of d(-10)?
7
Let m = 61681 - 870. What is the units digit of m?
1
What is the thousands digit of 6615 + (8 + 10)/(-9)*(2 - 5)?
6
Let y(s) = s**3 - 4*s**2 - 5*s + 1. Let n be y(5). Suppose 3*j + r - n = 2*j, -4*r = 2*j + 2. Suppose 7*k - j*k - 12 = 0. What is the units digit of k?
3
Suppose -11*b - 46*b = -768588. What is the ten thousands digit of b?
1
What is the thousands digit of (-44)/6*(-15)/(-25)*(-1476 + 1)?
6
Let s = 761 - 760. What is the tens digit of (2 + -1)/s*(-6 - -750)?
4
Suppose 0 = -4*m - x + 1, 9*m - 10 = 5*m + 2*x. Let v(s) be the first derivative of 95*s**3/3 + s**2 - s + 2. What is the tens digit of v(m)?
9
Suppose 5*k + 5*a = -20, 0*k - 3*k = -4*a + 12. Let x(s) = 67*s - 14. Let g(c) = 124*c - 27. Let p(h) = -4*g(h) + 7*x(h). What is the units digit of p(k)?
8
Let u = 81 + -72. Suppose 77 = 5*h + 3*c, 2*h - u = h + c. What is the tens digit of h?
1
Let f(j) = -j**2 - 10*j - 33. Let n be f(-6). Let c(v) = -v**3 - 9*v**2 - 1. Let h be c(n). What is the tens digit of -3 - 2*94*h/4?
4
Let v(f) = 3*f**3 - 25*f**2 - 17*f + 498. What is the thousands digit of v(17)?
7
Let d = 204645 + -130174. What is the units digit of d?
1
Let n = 13616 - 7302. What is the hundreds digit of n?
3
Let y(c) = 5*c**3 - 93*c**2 - 57*c + 314. What is the units digit of y(33)?
1
Let h be 4787/6 + (-13)/(-78). Suppose 223 - 1013 = -r + 3*q, -r = q - h. What is the tens digit of r?
9
Suppose 0 = -2*c + 2*z + 23034, 14*z = 19*z + 5. What is the hundreds digit of c?
5
Let a be 0/((-1)/(-1) + -2). Suppose o - 43 + 41 = a. Suppose 5*m - 920 = 3*h, -m - 7*h = -o*h - 184. What is the tens digit of m?
8
Suppose 4*d = -4*i + 53544, -d = 3*i + 3*d - 40162. What is the hundreds digit of i?
3
Let i be ((-2264)/120 - -4) + 4/(-30). What is the hundreds digit of (164/(-3) + -3)/(5/i)?
1
Suppose 59*a - 3205933 = -187*a - 101*a. What is the hundreds digit of a?
2
Let v be (-22)/4*44/(-121). What is the tens digit of v/(-4) - 11952/(-32)?
7
Suppose 320 = 5*v - 1395. Let g = 4128 + -3995. Let d = v - g. What is the tens digit of d?
1
Let f = 15779 - -3598. What is the hundreds digit of f?
3
Let q = 3 - 1. Suppose 0 = -q*m - 3*d + 7, 4*m - 2*d = 2*d + 24. Suppose -11*i + m = -6*i. What is the units digit of i?
1
Suppose -4*i + 305934 = -2*s, 90914 + 62080 = 2*i + 2*s. What is the units digit of i?
8
Let o = 41150 + -26146. What is the thousands digit of o?
5
Suppose 776 = -13*a + 6938 + 76778. What is the hundreds digit of a?
3
Let y = 21255 - -31523. What is the tens digit of y?
7
Let h(w) = -2*w - 9. Let i be h(-6). Suppose -i*t = -0*t. Let g(f) = f**3 - f + 36. What is the tens digit of g(t)?
3
Let u(o) = o**2 + 18*o + 55. Let y be u(-13). Suppose 4*w = 2*i + 30, 0 = 6*w - 2*w + 2*i - 10. What is the units digit of (10 - w)*(-366)/y?
3
Suppose -2*y = -6, -5*y + 72 = z - y. Let f be (1/((-10)/36))/(102/340). Let o = z - f. What is the tens digit of o?
7
Let w(i) = 11*i**3 + 8*i**2 - 6*i + 9. Let j(x) = x**3 - x**2. Let f = -17 + 23. Let u(v) = f*j(v) + w(v). What is the tens digit of u(2)?
4
Let n = -8563 + 23672. What is the tens digit of n?
0
Let j(x) = -14*x - 61. Suppose 17*k + 231 = -41. What is the hundreds digit of j(k)?
1
Suppose 1488912 = -149*u + 6180326. What is the hundreds digit of u?
4
Let r = -117 - -1299. Suppose r = 8*u - 2*u. What is the units digit of u?
7
Let w = -71 + 50. Let y(g) be the third derivative of -g**4/24 - 7*g**3/6 + 895*g**2. What is the tens digit of y(w)?
1
Let z = -37281 + 66500. What is the thousands digit of z?
9
Let h(q) = -51*q - 2. Let r be h(-1). Let n = 45 - r. What is the tens digit of (0 - 159/(-2)) + (-2)/n?
8
Suppose -d = -4*k + 5*k - 20, 0 = -5*k + 2*d + 135. What is the tens digit of k/((-1)/(-5)*3/21)?
7
Let q = 9152 + -4803. What is the hundreds digit of q?
3
Let c(m) = m**3 - 16*m**2 + m - 3. Le